
178
Calculate the remainder when 294503 is divided by 20967.
965
What is the remainder when 2483814 is divided by 43575?
39
Calculate the remainder when 237709114 is divided by 18.
16
What is the remainder when 119193 is divided by 39609?
366
What is the remainder when 18162704 is divided by 444?
440
What is the remainder when 793603 is divided by 264375?
478
What is the remainder when 353596 is divided by 353216?
380
What is the remainder when 4668073 is divided by 5679?
5614
Calculate the remainder when 56785 is divided by 13840.
1425
Calculate the remainder when 29560697 is divided by 130.
127
Calculate the remainder when 992666 is divided by 492.
302
Calculate the remainder when 22965349 is divided by 3747.
3733
What is the remainder when 15049442 is divided by 840?
2
What is the remainder when 4046786 is divided by 2298?
8
What is the remainder when 200948 is divided by 40185?
23
What is the remainder when 3502040 is divided by 2786?
38
What is the remainder when 14433916 is divided by 11?
2
Calculate the remainder when 12178475 is divided by 1462.
15
What is the remainder when 1091665 is divided by 1596?
1
Calculate the remainder when 272254 is divided by 2502.
2038
What is the remainder when 51752 is divided by 724?
348
What is the remainder when 6481019663 is divided by 8784?
8783
Calculate the remainder when 2790593 is divided by 81.
62
Calculate the remainder when 78912989 is divided by 9.
8
Calculate the remainder when 66840 is divided by 8296.
472
What is the remainder when 338006 is divided by 168?
158
What is the remainder when 38304670 is divided by 2352?
2350
Calculate the remainder when 64411 is divided by 3070.
3011
Calculate the remainder when 283694 is divided by 70899.
98
What is the remainder when 1161641 is divided by 27658?
5
Calculate the remainder when 303461 is divided by 2183.
24
Calculate the remainder when 221275 is divided by 136.
3
What is the remainder when 2423749 is divided by 269304?
13
What is the remainder when 5366734 is divided by 8?
6
Calculate the remainder when 56603996 is divided by 2544.
2540
What is the remainder when 407638272 is divided by 135879424?
0
What is the remainder when 27921 is divided by 13889?
143
What is the remainder when 22257 is divided by 6911?
1524
Calculate the remainder when 8427193 is divided by 100323.
61
What is the remainder when 7972318 is divided by 649?
2
What is the remainder when 913799 is divided by 377?
328
What is the remainder when 112932323 is divided by 12302?
12265
Calculate the remainder when 9655109 is divided by 326.
293
What is the remainder when 5609 is divided by 42?
23
What is the remainder when 16193049 is divided by 24?
9
Calculate the remainder when 64693 is divided by 43.
21
Calculate the remainder when 794519 is divided by 14712.
71
What is the remainder when 54715167 is divided by 27127?
8
What is the remainder when 485845 is divided by 1474?
899
Calculate the remainder when 574644 is divided by 5085.
39
What is the remainder when 52113578 is divided by 29476?
10
What is the remainder when 2269570 is divided by 31?
29
What is the remainder when 9862421 is divided by 1921?
7
What is the remainder when 13497239 is divided by 821?
820
Calculate the remainder when 1622395467 is divided by 197.
194
Calculate the remainder when 3195172 is divided by 1987.
76
Calculate the remainder when 22045 is divided by 1896.
1189
Calculate the remainder when 1495693 is divided by 1495690.
3
Calculate the remainder when 1007129 is divided by 4941.
4106
What is the remainder when 40080 is divided by 9803?
868
What is the remainder when 4120576 is divided by 7?
5
Calculate the remainder when 204172 is divided by 593.
180
Calculate the remainder when 239848709 is divided by 47969738.
19
Calculate the remainder when 343698 is divided by 617.
29
Calculate the remainder when 128543 is divided by 51.
23
Calculate the remainder when 1655905 is divided by 1844.
1837
Calculate the remainder when 804742 is divided by 144.
70
What is the remainder when 1777452 is divided by 37?
9
What is the remainder when 600782955 is divided by 16371?
16368
What is the remainder when 44023 is divided by 21027?
1969
Calculate the remainder when 79812 is divided by 35621.
8570
Calculate the remainder when 12638009 is divided by 44500.
9
Calculate the remainder when 50188 is divided by 810.
778
What is the remainder when 283034 is divided by 322?
318
What is the remainder when 10642107 is divided by 217?
210
What is the remainder when 741616 is divided by 709?
2
What is the remainder when 2044672 is divided by 294?
196
What is the remainder when 185470 is divided by 175?
145
What is the remainder when 41308715 is divided by 338596?
3
Calculate the remainder when 386951 is divided by 11243.
4689
Calculate the remainder when 15093959 is divided by 1960.
1959
Calculate the remainder when 140627 is divided by 992.
755
What is the remainder when 531169 is divided by 132566?
905
What is the remainder when 352941 is divided by 5514?
45
Calculate the remainder when 138967399 is divided by 88.
87
What is the remainder when 342107 is divided by 106?
45
What is the remainder when 201413 is divided by 18309?
14
Calculate the remainder when 2013240 is divided by 359.
327
Calculate the remainder when 715085 is divided by 238358.
11
Calculate the remainder when 36813254 is divided by 2213.
2212
What is the remainder when 746468607 is divided by 23?
19
Calculate the remainder when 43789746 is divided by 178.
144
What is the remainder when 277253 is divided by 1216?
5
Calculate the remainder when 5298241 is divided by 14.
11
What is the remainder when 50896900 is divided by 1294?
1292
What is the remainder when 2647 is divided by 879?
10
Calculate the remainder when 90336 is divided by 1272.
24
Calculate the remainder when 838077 is divided by 162.
51
What is the remainder when 8552 is divided by 2732?
356
What is the remainder when 15455996 is divided by 2258?
2244
Calculate the remainder when 2947333 is divided by 128.
5
Calculate the remainder when 633542 is divided by 107.
102
What is the remainder when 256073 is divided by 365?
208
Calculate the remainder when 23771196 is divided by 23771148.
48
What is the remainder when 61273 is divided by 221?
56
What is the remainder when 191542 is divided by 505?
147
Calculate the remainder when 8618164 is divided by 4309079.
6
Calculate the remainder when 5557192 is divided by 1002.
100
Calculate the remainder when 2311521 is divided by 30019.
58
What is the remainder when 1338131 is divided by 3707?
3611
Calculate the remainder when 24054853 is divided by 1002284.
37
Calculate the remainder when 108151 is divided by 969.
592
Calculate the remainder when 142935 is divided by 3478.
337
What is the remainder when 1014353 is divided by 17?
14
Calculate the remainder when 38543307 is divided by 158.
155
Calculate the remainder when 2238753 is divided by 729.
723
What is the remainder when 407440 is divided by 3703?
110
Calculate the remainder when 67393 is divided by 30681.
6031
What is the remainder when 352887 is divided by 5821?
3627
Calculate the remainder when 84319 is divided by 56.
39
Calculate the remainder when 3086686 is divided by 4429.
4102
What is the remainder when 163543816 is divided by 44?
40
What is the remainder when 3458618 is divided by 432326?
10
Calculate the remainder when 255114 is divided by 3863.
156
What is the remainder when 83289336 is divided by 61?
58
Calculate the remainder when 11340734 is divided by 239.
184
Calculate the remainder when 17642 is divided by 925.
67
What is the remainder when 9631 is divided by 519?
289
What is the remainder when 1939437 is divided by 284?
1
What is the remainder when 217438 is divided by 3316?
1898
What is the remainder when 11141713 is divided by 54885?
58
Calculate the remainder when 285649 is divided by 20391.
175
What is the remainder when 857304 is divided by 77?
63
Calculate the remainder when 18342531 is divided by 18342491.
40
What is the remainder when 1871666 is divided by 163?
100
Calculate the remainder when 31094784 is divided by 764.
748
What is the remainder when 55414 is divided by 54849?
565
What is the remainder when 82257 is divided by 356?
21
What is the remainder when 908945 is di